?
0
Calculate the remainder when 1598 is divided by 6.
2
What is the remainder when 58 is divided by 28?
2
Calculate the remainder when 1802 is divided by 64.
10
Calculate the remainder when 295 is divided by 280.
15
Calculate the remainder when 88 is divided by 34.
20
What is the remainder when 35 is divided by 2?
1
What is the remainder when 82 is divided by 7?
5
Calculate the remainder when 740 is divided by 198.
146
Calculate the remainder when 2971 is divided by 2.
1
Calculate the remainder when 382 is divided by 4.
2
Calculate the remainder when 987 is divided by 242.
19
What is the remainder when 2007 is divided by 15?
12
What is the remainder when 98 is divided by 40?
18
Calculate the remainder when 190 is divided by 62.
4
What is the remainder when 146 is divided by 97?
49
What is the remainder when 442 is divided by 148?
146
Calculate the remainder when 929 is divided by 31.
30
What is the remainder when 335 is divided by 23?
13
Calculate the remainder when 47 is divided by 45.
2
What is the remainder when 264 is divided by 54?
48
Calculate the remainder when 68 is divided by 30.
8
Calculate the remainder when 125 is divided by 35.
20
What is the remainder when 9953 is divided by 85?
8
What is the remainder when 88 is divided by 16?
8
Calculate the remainder when 77 is divided by 20.
17
Calculate the remainder when 209 is divided by 42.
41
What is the remainder when 112 is divided by 101?
11
What is the remainder when 1088 is divided by 360?
8
Calculate the remainder when 301 is divided by 50.
1
What is the remainder when 2138 is divided by 17?
13
What is the remainder when 172 is divided by 61?
50
Calculate the remainder when 4973 is divided by 11.
1
What is the remainder when 447 is divided by 62?
13
Calculate the remainder when 82 is divided by 22.
16
What is the remainder when 70 is divided by 24?
22
Calculate the remainder when 195 is divided by 22.
19
Calculate the remainder when 2396 is divided by 795.
11
Calculate the remainder when 54 is divided by 14.
12
What is the remainder when 49 is divided by 7?
0
What is the remainder when 557 is divided by 139?
1
Calculate the remainder when 226 is divided by 18.
10
What is the remainder when 305 is divided by 31?
26
Calculate the remainder when 438 is divided by 7.
4
What is the remainder when 518 is divided by 60?
38
What is the remainder when 105 is divided by 59?
46
What is the remainder when 225 is divided by 16?
1
What is the remainder when 1298 is divided by 260?
258
Calculate the remainder when 342 is divided by 131.
80
What is the remainder when 911 is divided by 49?
29
Calculate the remainder when 679 is divided by 11.
8
What is the remainder when 28 is divided by 15?
13
Calculate the remainder when 63 is divided by 12.
3
What is the remainder when 514 is divided by 165?
19
Calculate the remainder when 63 is divided by 17.
12
What is the remainder when 3671 is divided by 136?
135
What is the remainder when 234 is divided by 95?
44
Calculate the remainder when 311 is divided by 15.
11
What is the remainder when 75 is divided by 40?
35
What is the remainder when 80 is divided by 27?
26
What is the remainder when 1165 is divided by 384?
13
Calculate the remainder when 172 is divided by 116.
56
Calculate the remainder when 435 is divided by 198.
39
What is the remainder when 514 is divided by 18?
10
Calculate the remainder when 33 is divided by 25.
8
What is the remainder when 1698 is divided by 25?
23
What is the remainder when 1565 is divided by 76?
45
What is the remainder when 334 is divided by 161?
12
Calculate the remainder when 61 is divided by 56.
5
Calculate the remainder when 2008 is divided by 665.
13
What is the remainder when 439 is divided by 10?
9
What is the remainder when 752 is divided by 63?
59
Calculate the remainder when 349 is divided by 148.
53
Calculate the remainder when 608 is divided by 100.
8
Calculate the remainder when 100 is divided by 19.
5
What is the remainder when 243 is divided by 52?
35
Calculate the remainder when 871 is divided by 38.
35
What is the remainder when 222 is divided by 31?
5
Calculate the remainder when 1024 is divided by 27.
25
Calculate the remainder when 87 is divided by 8.
7
Calculate the remainder when 16563 is divided by 25.
13
Calculate the remainder when 1152 is divided by 9.
0
What is the remainder when 106 is divided by 18?
16
Calculate the remainder when 127 is divided by 40.
7
What is the remainder when 39 is divided by 19?
1
Calculate the remainder when 957 is divided by 6.
3
What is the remainder when 24 is divided by 18?
6
What is the remainder when 1618 is divided by 30?
28
Calculate the remainder when 22615 is divided by 260.
255
What is the remainder when 75 is divided by 20?
15
Calculate the remainder when 42 is divided by 16.
10
Calculate the remainder when 69 is divided by 26.
17
Calculate the remainder when 436 is divided by 32.
20
What is the remainder when 982 is divided by 24?
22
Calculate the remainder when 552 is divided by 28.
20
Calculate the remainder when 384 is divided by 191.
2
What is the remainder when 540 is divided by 136?
132
Calculate the remainder when 2251 is divided by 49.
46
What is the remainder when 92 is divided by 16?
12
What is the remainder when 177 is divided by 93?
84
What is the remainder when 579 is divided by 318?
261
Calculate the remainder when 53 is divided by 20.
13
Calculate the remainder when 380 is divided by 64.
60
What is the remainder when 267 is divided by 188?
79
Calculate the remainder when 635 is divided by 93.
77
What is the remainder when 250 is divided by 52?
42
Calculate the remainder when 414 is divided by 8.
6
Calculate the remainder when 61 is divided by 42.
19
Calculate the remainder when 227 is divided by 216.
11
What is the remainder when 2119 is divided by 349?
25
Calculate the remainder when 910 is divided by 132.
118
Calculate the remainder when 621 is divided by 193.
42
Calculate the remainder when 101 is divided by 26.
23
Calculate the remainder when 1153 is divided by 208.
113
What is the remainder when 2388 is divided by 184?
180
Calculate the remainder when 158 is divided by 46.
20
What is the remainder when 38581 is divided by 364?
361
What is the remainder when 162 is divided by 147?
15
Calculate the remainder when 1700 is divided by 424.
4
What is the remainder when 361 is divided by 90?
1
What is the remainder when 1043 is divided by 95?
93
Calculate the remainder when 157 is divided by 58.
41
Calculate the remainder when 251 is divided by 57.
23
Calculate the remainder when 31 is divided by 14.
3
Calculate the remainder when 177 is divided by 30.
27
Calculate the remainder when 392 is divided by 33.
29
Calculate the remainder when 313 is divided by 168.
145
What is the remainder when 27 is divided by 20?
7
Calculate the remainder when 93 is divided by 82.
11
What is the remainder when 3 is divided by 2?
1
Calculate the remainder when 538 is divided by 134.
2
Calculate the remainder when 7005 is divided by 113.
112
Calculate the remainder when 1299 is divided by 110.
89
Calculate the remainder when 627 is divided by 196.
39
What is the remainder when 316 is divided by 151?
14
Calculate the remainder when 244 is divided by 147.
97
Calculate the remainder when 321 is divided by 115.
91
Calculate the remainder when 3063 is divided by 7.
4
Calculate the remainder when 725 is divided by 2.
1
What is the remainder when 465 is divided by 26?
23
Calculate the remainder when 685 is divided by 179.
148
Calculate the remainder when 3588 is divided by 1150.
138
Calculate the remainder when 2600 is divided by 14.
10
What is the remainder when 50 is divided by 32?
18
Calculate the remainder when 805 is divided by 213.
166
What is the remainder when 233 is divided by 13?
12
Calculate the remainder when 460 is divided by 142.
34
What is the remainder when 356 is divided by 162?
32
What is the remainder when 509 is divided by 205?
99
Calculate the remainder when 1499 is divided by 50.
49
What is the remainder when 87 is divided by 34?
19
What is the remainder when 183 is divided by 31?
28
Calculate the remainder when 382 is divided by 85.
42
Calculate the remainder when 492 is divided by 39.
24
What is the remainder when 1408 is divided by 551?
306
W